22. Suppose -3*p - b*t + 18 - 4 = 0, 4 = t. Suppose q + 2 = p*o, 0*o - 2*q = -o - 2. List the prime factors of o.
2
Let s be 0/1*2/(-4). Suppose 10 = q - s*q. List the prime factors of q.
2, 5
Suppose -3*q = -2*q - 84. What are the prime factors of q?
2, 3, 7
Suppose 2*w - 7*w = 0. Let i = w - -14. What are the prime factors of i?
2, 7
Let j(a) = 14*a + 13. What are the prime factors of j(7)?
3, 37
Suppose -3*m = -4*b - 200, -b - 5*m + 4*m - 50 = 0. Let p = b + 70. List the prime factors of p.
2, 5
Suppose -25 = 5*g, -2*a - 53 = -4*a - 3*g. List the prime factors of a.
2, 17
Let c(a) = a + 6. Let o be c(-2). Suppose -20 = -5*r, r - 119 = -o*u - 7. What are the prime factors of u?
3
Suppose -2*j = 4*j - 114. What are the prime factors of j?
19
Suppose -4*x - 20 = 2*h, 5 = 3*h - 1. Let o(j) = 5*j - 2 + 2 - 5*j**2 + 6*j**2. List the prime factors of o(x).
2, 3
Let k(x) = -x**3 + 5*x**2 + 3*x - 5. Let c be 9/2 + 3/(-6). What are the prime factors of k(c)?
23
Let t = 6 - 6. Suppose t*p - p = -6. What are the prime factors of p?
2, 3
Let y = -39 - -77. Let o = 58 - y. What are the prime factors of o?
2, 5
Let x(w) = -w. Let i(m) = m**2 + 14*m - 7. Let p(f) = -i(f) - 5*x(f). Let k be 6/14 + 354/(-42). List the prime factors of p(k).
3, 5
Let v = -215 + 329. List the prime factors of v.
2, 3, 19
Let n be ((-8)/(-20))/(2/(-10)). Let d(x) be the first derivative of -2*x**2 - 2*x - 2. List the prime factors of d(n).
2, 3
Let m = -1 + 5. Suppose t - m*q = -2*t + 30, t - q = 9. Suppose 0*y = -y + t. What are the prime factors of y?
2, 3
Suppose z - 4*h = 0, 0 = -2*z + h + 2*h. Suppose -3*o - 2 = -26. Let w = z + o. List the prime factors of w.
2
Suppose 2*j = t - 17, -4*t + 4*j + 43 = -t. What are the prime factors of t?
3
What are the prime factors of (-28)/7 + 51 + 1?
2, 3
Let i(b) be the first derivative of b**4/24 - b**3/3 - 2*b**2 - 4. Let u(p) be the second derivative of i(p). List the prime factors of u(6).
2
Let r(f) = 2*f - 4. Let o = 14 + -7. What are the prime factors of r(o)?
2, 5
Suppose 2*g - 84 = -2*g. List the prime factors of g.
3, 7
Let t be ((-21)/(-6) - 3)*-10. Let x(d) = d**3 + 6*d**2 + 6. List the prime factors of x(t).
31
Let x(n) = n**2 + 7*n + 8. Let z(d) = d**2 + 6*d + 1. Let y be z(-4). Let g be x(y). Let k = 14 - g. List the prime factors of k.
2, 3
Suppose 4*m = s + 176, -209 = -5*m - 0*s + 4*s. What are the prime factors of m?
3, 5
Suppose l + w - 1 = 0, -9 - 6 = -3*l + 3*w. Suppose -1 - l = -c. What are the prime factors of c?
2
Let k be (-24)/(-9) + (-4)/6. Suppose -4*m = -2*u + 42, -2*u + 26 = m - 26. What are the prime factors of u*(k/5)/1?
2, 5
Suppose b = -4*m - 2, -3*m + 11 + 10 = -3*b. What are the prime factors of 0/b - (-9 - 1)?
2, 5
Suppose -12 = -3*l, -1 = 4*w + l - 17. Suppose -w*t = -16 - 116. List the prime factors of t.
2, 11
Suppose -5*p = 2*d - 83, 2*p + 2*d = 19 + 13. Suppose 7 + p = g. What are the prime factors of g?
2, 3
Let k(x) = x**3 + 12*x**2 - 6*x - 7. List the prime factors of k(-12).
5, 13
Let j be (-2 - -1 - -16) + 0. Suppose -3*d + 45 = -j. List the prime factors of d.
2, 5
Let p be 2*2 + -13 + 9. Suppose p = -2*x + 29 + 21. List the prime factors of x.
5
Suppose -c + 0*c - 4 = 0. Let k = -3 + c. Let j(m) = m**3 + 8*m**2 + 6*m + 2. What are the prime factors of j(k)?
3
Suppose 5*v - 48 = 3*v. Suppose -4*n + 8*n = -v. What are the prime factors of (1 - n/(-3))*-11?
11
Let y be (-1*2)/((-2)/3). Suppose -2*v - y*v = -10. Suppose 3*g - 22 = -u, -u - v*g = u - 24. What are the prime factors of u?
7
Suppose 3*q - 24 = 4*q + 5*o, -3*o - 18 = -3*q. What are the prime factors of -4 + 25 + q + -2?
2, 5
Suppose -3*a = 5*g - 22, 5*g + 2*a - a - 24 = 0. Suppose -2*u + 27 = -3*r, 3*u - g*r = 4*u + 6. What are the prime factors of u?
3
Let i(m) = -m**3 + m + 1. List the prime factors of i(-3).
5
Let r be 3*(0 + -8)*1. Let o = r - -44. List the prime factors of o.
2, 5
Suppose 26 = -2*i - 40. List the prime factors of (-369)/i - 4/22.
11
Suppose -4*d + 42 = -d. List the prime factors of 2/((-2)/2) + d.
2, 3
Suppose 3*v - c = 20 + 30, 0 = 2*v + c - 40. Suppose v*g - 55 = 13*g. What are the prime factors of g?
11
List the prime factors of 5/(195/(-6)) + (-3670)/(-26).
3, 47
Let p = 14 + -23. Let z(g) be the third derivative of -g**5/60 - 5*g**4/12 - g**3/2 + 5*g**2. List the prime factors of z(p).
2, 3
Suppose 0 = 3*c + 6*y - 4*y - 198, 2*y = 4*c - 250. List the prime factors of c.
2
Let o(r) be the second derivative of -2*r**3/3 + 3*r. List the prime factors of o(-1).
2
Let g(x) = -x**2 + 11*x + 7. What are the prime factors of g(5)?
37
Let p(s) = -6*s - 11. Let k be 1 + 4 + (-11 - -1). List the prime factors of p(k).
19
Suppose 2*o = 16*o - 182. List the prime factors of o.
13
Let x = 198 + -28. List the prime factors of x.
2, 5, 17
Suppose -5*m + 3*i = -0 - 87, m + i - 19 = 0. Suppose -3*z = 2*z + 135. What are the prime factors of (-519)/z - 4/m?
19
Let u(a) = -a + 2. Let p be u(0). Suppose -3 = -5*s + 2*o + 2, p*s + 9 = 3*o. List the prime factors of s.
3
Let f be 2*((-9)/(-6))/1. Suppose -f = n - 13. List the prime factors of n.
2, 5
Suppose -67 = -4*r + 21. Suppose -4*o = -5*b + 43, -2*b + o = -3*o - r. List the prime factors of b.
7
Let g(j) = 5*j**2 - 3*j - 6. List the prime factors of g(-3).
2, 3
Suppose 2*s = 6 + 16. Let d = 19 - s. List the prime factors of d.
2
Suppose -35 - 5 = -2*o. What are the prime factors of o?
2, 5
List the prime factors of 308/((5/1)/5).
2, 7, 11
Let p be ((-4)/(-3))/(4/30). Suppose 0 = -5*y - 60 + 170. Let t = y - p. List the prime factors of t.
2, 3
Let b be (-4)/22 - 48/(-22). Suppose 5*q - 43 = b*f - 4*f, -4*f - 3*q = -51. What are the prime factors of f?
3
Suppose 3 = p + 2*p. Let b(o) = 5*o + 5 + p - 6*o. List the prime factors of b(-5).
11
Let t = -14 + 16. Let c = 12 + -8. Let l = t + c. What are the prime factors of l?
2, 3
Let h be (-106 + 4)*1/(-2). Let r = -33 + h. List the prime factors of r.
2, 3
Let j(v) = -v**2 + 8*v + 4. Let l be j(6). Suppose -1 + l = -3*a. Let z = -1 - a. What are the prime factors of z?
2
Let b(m) be the third derivative of -5*m**4/24 + 2*m**3/3 + 4*m**2. What are the prime factors of b(-3)?
19
Let i = 34 + -27. What are the prime factors of i?
7
Let m = 14 + 46. What are the prime factors of m?
2, 3, 5
Let s be (-3)/(2/(-4)*6). What are the prime factors of (264/36)/(s/3)?
2, 11
Suppose r = 6 - 3. Let y = r + 0. What are the prime factors of 3/9*y*11?
11
Let k = 367 + -86. What are the prime factors of k?
281
Let u be 0/(0/2 + -1). Let o = 3 - u. List the prime factors of o.
3
Suppose -2*u + 15 = -7*u, -2*u + 3 = t. Suppose -59 + t = -5*z. List the prime factors of z.
2, 5
Let g be 2/(-9) + 114/27. Let b be g - (1/(-1) + -1). Suppose b = -2*v + 18. What are the prime factors of v?
2, 3
Let n(u) = 15*u + 9. Let i(p) = p + 1. Let k(m) = 18*i(m) - n(m). List the prime factors of k(9).
2, 3
Let h(i) = 2*i**2 - 3*i - 1. Let m be h(-2). Let a = m - 6. List the prime factors of a.
7
Suppose 3 = l - 0. Suppose l*n - 5*w - 6 = 2*n, -w + 87 = 4*n. What are the prime factors of n?
3, 7
Let s(l) = 8*l - 28. What are the prime factors of s(16)?
2, 5
Suppose 3*b - 8*b = -60. Suppose h - b = 2. What are the prime factors of h?
2, 7
Let m(o) = o**2 - 8*o + 7. Suppose 0 = -0*b - b + 7. Let q be m(b). Let x = q - -4. What are the prime factors of x?
2
Suppose -5*j = -10, -2*h - 4*j = 3*h - 203. What are the prime factors of h?
3, 13
Let d(a) = -42*a. Let y be d(1). List the prime factors of ((-4)/6)/(4/y).
7
Let o = 64 + -36. Let d = 39 - o. List the prime factors of d.
11
Let o be -6 - 4/((-4)/(-2)). Let c(m) be the first derivative of m**3/3 + 3*m**2 - 11*m + 1. List the prime factors of c(o).
5
Suppose t = 4*t - 114. List the prime factors of t.
2, 19
Let a(t) = t**2 + 4. Let h be 2/(1/(-2 + -2)). Let v = h + 5. List the prime factors of a(v).
13
Suppose -g + 69 = -41. What are the prime factors of g?
2, 5, 11
Suppose 5*c + 2 = 7. Let k = c - -3. List the prime factors of k.
2
Suppose 0 = q - 0*q - 10. Let k = 1 - q. Let b = -1 - k. What are the prime factors of b?
2
Let j = 112 + -73. What are the prime factors of j?
3, 13
Suppose 0*z + 87 = 5*c + 4*z, -5*c - 2*z + 91 = 0. Suppose 2*n + 2 - 4 = 0. Suppose -c = -4*u + n. List the prime factors of u.